
Is 12130 a multiple of 57?
False
Is 7020 a multiple of 20?
True
Is 900 a multiple of 9?
True
Is 1246 a multiple of 14?
True
Is 8023 a multiple of 71?
True
Is 38 a factor of 380?
True
Is 1179 a multiple of 15?
False
Does 2 divide 1399?
False
Does 27 divide 81?
True
Is 6 a factor of 498?
True
Is 28 a multiple of 28?
True
Is 10 a factor of 1167?
False
Is 19304 a multiple of 15?
False
Does 7 divide 873?
False
Does 8 divide 4275?
False
Is 23 a factor of 207?
True
Does 7 divide 218?
False
Does 81 divide 3645?
True
Is 6 a factor of 2304?
True
Is 7 a factor of 112?
True
Is 86 a factor of 4214?
True
Is 13 a factor of 26123?
False
Does 36 divide 8280?
True
Does 31 divide 124?
True
Is 14 a factor of 182?
True
Is 12 a factor of 26496?
True
Is 1677 a multiple of 55?
False
Is 903 a multiple of 43?
True
Does 3 divide 201?
True
Is 15474 a multiple of 30?
False
Does 63 divide 63?
True
Is 1073 a multiple of 5?
False
Is 776 a multiple of 10?
False
Does 251 divide 26117?
False
Does 19 divide 1678?
False
Is 8 a factor of 1581?
False
Does 11 divide 2178?
True
Is 435 a multiple of 6?
False
Does 40 divide 10640?
True
Does 3 divide 234?
True
Does 11 divide 22946?
True
Is 19412 a multiple of 3?
False
Is 2 a factor of 1560?
True
Is 28 a factor of 476?
True
Is 6 a factor of 3272?
False
Is 43 a factor of 4429?
True
Is 288 a factor of 102816?
True
Does 24 divide 1200?
True
Is 9 a factor of 14076?
True
Is 35217 a multiple of 26?
False
Is 13 a factor of 21268?
True
Is 8274 a multiple of 14?
True
Is 12250 a multiple of 35?
True
Is 25 a factor of 3900?
True
Is 64 a factor of 953?
False
Does 19 divide 7011?
True
Is 27885 a multiple of 11?
True
Is 1027 a multiple of 13?
True
Does 17 divide 1394?
True
Does 32 divide 1672?
False
Does 35 divide 3781?
False
Does 33 divide 7400?
False
Is 2862 a multiple of 27?
True
Is 12 a factor of 919?
False
Is 100 a multiple of 8?
False
Is 23 a factor of 17549?
True
Is 28 a factor of 21345?
False
Is 13 a factor of 365?
False
Is 726 a multiple of 66?
True
Does 281 divide 13912?
False
Does 68 divide 45822?
False
Is 2000 a multiple of 5?
True
Is 23 a factor of 483?
True
Is 29909 a multiple of 164?
False
Does 22 divide 24661?
False
Does 53 divide 2047?
False
Is 16 a multiple of 3?
False
Does 59 divide 349?
False
Is 902 a multiple of 41?
True
Does 15 divide 5665?
False
Does 3 divide 10396?
False
Is 3066 a multiple of 21?
True
Does 224 divide 24376?
False
Is 70 a factor of 3344?
False
Is 32 a factor of 15664?
False
Is 134 a factor of 13802?
True
Does 123 divide 19311?
True
Is 416 a multiple of 32?
True
Is 17061 a multiple of 33?
True
Does 54 divide 1242?
True
Is 87 a factor of 2628?
False
Is 96367 a multiple of 85?
False
Is 7 a factor of 10723?
False
Is 21538 a multiple of 11?
True
Does 11 divide 2937?
True
Is 18 a factor of 1314?
True
Does 25 divide 1236?
False
Is 3539 a multiple of 29?
False
Is 2086 a multiple of 34?
False
Is 7 a factor of 8141?
True
Does 2 divide 205?
False
Does 110 divide 266?
False
Is 31 a factor of 3679?
False
Is 7 a factor of 11140?
False
Is 588 a multiple of 7?
True
Does 101 divide 40097?
True
Does 123 divide 5289?
True
Is 110 a multiple of 30?
False
Does 71 divide 213?
True
Is 7 a factor of 1848?
True
Is 12 a factor of 1345?
False
Does 108 divide 432?
True
Is 48 a multiple of 6?
True
Does 83 divide 14110?
True
Does 5 divide 585?
True
Is 7 a factor of 3157?
True
Is 2 a factor of 37?
False
Is 12 a factor of 1679?
False
Is 300 a multiple of 30?
True
Does 13 divide 1951?
False
Is 17 a factor of 6698?
True
Is 14 a factor of 459?
False
Does 88 divide 704?
True
Is 48 a factor of 6671?
False
Is 4 a factor of 133?
False
Is 91 a factor of 16745?
False
Is 3 a factor of 146?
False
Is 71 a factor of 733?
False
Does 39 divide 6068?
False
Is 10200 a multiple of 60?
True
Is 95 a factor of 380?
True
Is 668 a multiple of 4?
True
Is 3544 a multiple of 83?
False
Does 120 divide 7513?
False
Is 38 a factor of 9384?
False
Is 1144 a multiple of 8?
True
Is 43120 a multiple of 8?
True
Is 9 a factor of 171?
True
Does 50 divide 8594?
False
Is 11683 a multiple of 3?
False
Is 7 a factor of 475?
False
Is 87941 a multiple of 17?
True
Is 71 a factor of 2973?
False
Is 70 a factor of 7427?
False
Does 52 divide 6816?
False
Is 49188 a multiple of 366?
False
Is 12 a factor of 19752?
True
Is 204 a multiple of 51?
True
Is 465 a multiple of 15?
True
Is 940 a multiple of 22?
False
Is 93 a factor of 21204?
True
Is 61 a factor of 10676?
False
Is 139 a factor of 104389?
True
Does 104 divide 104?
True
Is 14 a factor of 10072?
False
Is 24959 a multiple of 6?
False
Is 47 a factor of 62977?
False
Is 7 a factor of 238?
True
Does 3 divide 40?
False
Is 448 a multiple of 21?
False
Does 3 divide 2160?
True
Does 12 divide 696?
True
Does 58 divide 50325?
False
Is 25 a factor of 597?
False
Does 6 divide 66830?
False
Is 2435 a multiple of 62?
False
Is 12501 a multiple of 40?
False
Is 6 a factor of 4723?
False
Is 177 a factor of 7611?
True
Is 18390 a multiple of 10?
True
Is 42 a factor of 1800?
False
Is 2885 a multiple of 12?
False
Is 1062 a multiple of 6?
True
Is 36 a factor of 46620?
True
Is 4806 a multiple of 89?
True
Is 77 a factor of 10776?
False
Is 800 a multiple of 20?
True
Is 1680 a multiple of 8?
True
Is 1379 a multiple of 91?
False
Does 15 divide 2304?
False
Is 80 a multiple of 4?
True
Is 35360 a multiple of 26?
True
Does 104 divide 23162?
False
Does 56 divide 672?
True
Is 3761 a multiple of 57?
False
Is 11 a factor of 957?
True
Is 14618 a multiple of 114?
False
Is 83 a factor of 1578?
False
Does 13 divide 481?
True
Does 91 divide 13639?
False
Is 72 a factor of 6120?
True
Is 33 a factor of 2354?
False
Does 12 divide 651?
False
Does 4 divide 109?
False
Does 12 divide 816?
True
Does 42 divide 36429?
False
Is 7 a factor of 437?
False
Is 46399 a multiple of 10?
False
Does 67 divide 469?
True
Does 10 divide 43240?
True
Is 232 a multiple of 4?
True
Is 34 a factor of 3455?
False
Does 7 divide 3206?
True
Is 10 a factor of 8029?
False
Is 162 a multiple of 6?
True
Is 125 a factor of 8477?
False
Does 14 divide 2966?
False
Does 31 divide 4525?
False
Is 30825 a multiple of 23?
False
Is 34 a factor of 850?
True
Is 20503 a multiple of 31?
False
Does 9 divide 1404?
True
Is 51 a factor of 1111?
False
Is 695 a multiple of 4?
False
Does 23 divide 5382?
True
Is 50048 a multiple of 46?
True
Is 3211 a multiple of 19?
True
Is 24 a factor of 357?
False
Does 3 divide 73?
False
Is 1092 a multiple of 7?
True
Is 2736 a multiple of 22?
False
Is 369 a multiple of 4?
False
Is 13 a factor of 21952?
False
Is 220 a factor of 14936?
False
Is 510 a multiple of 30?
True
Is 1035 a multiple of 45?
True
Is 6720 a multiple of 12?
True
Does 5 divide 19840?
True
Is 15865 a multiple of 14?
False
Is 58 a factor of 22251?
False
Is 2 a factor of 109?
False
Is 32064 a multiple of 24?
True
Is 40 a factor of 3160?
True
Is 54 a factor of 5834?
False
Does 7 divide 1432?
False
Is 1592 a multiple of 4?
True
Does 13 divide 31022?
False
Does 76 divide 2787?
False
Does 26 divide 780?
True
Is 2249 a multiple of 13?
True
Is 196 a factor of 17518?
False
Is 722 a multiple of 38?
True
Does 11 divide 3277?
False
Is 43 a factor of 23874?
False
Is 14 a factor of 1316?
True
Is 285 a multiple of 5?
True
Is 2 a factor of 298?
True
Is 56 a multiple of 3?
False
Does 33 divide 924?
True
Is 282 a multiple of 2?
True
Does 130 divide 2080?
True
Does 7 divide 5511?
False
Is 26 a factor of 25150?
False
Does 34 divide 5734?
False
Does 27 divide 8019?
True
Does 6 divide 180?
True
Is 298 a multiple of 16?
False
Is 216 a multiple of 24?
True
Is 1330 a multiple of 38?
True
Is 4 a factor of 97?
False
Does 37 divide 113331?
True
Is 4328 a multiple of 5?
False
Is 1104 a multiple of 8?
True
Does 20 divide 81240?
True
Is 688 a multiple of 13?
False
Does 39 divide 7293?
True
Is 1368 a multiple of 9?
True
Is 111 a factor of 2545?
False
Does 45 divide 1620?
True
Is 5486 a multiple of 15?
False
Does 19 divide 1101?
False
Is 2142 a multiple of 12?
False
Is 1874 a multiple of 55?
False
Does 119 divide 6814?
False
Is 24036 a multiple of 83?
False
Does 33 divide 11652?
False
Does 54 divide 37638?
True
Is 5574 a multiple of 14?
False
Does 30 divide 681?
False
Does 6 divide 19432?
False
Is 8 a factor of 11442?
False
Is 4715 a multiple of 3?
False
Does 52 divide 55